0 - 15) + 0.
-19
What is (-6 - (7 + -2 + 5 + -7)) + -17?
-26
What is the value of 6 - (-1 - (-3 - (-6 - (1 + -6))))?
5
Evaluate (12 + (-7 - -1) - -2) + -16.
-8
What is the value of (6 - -25) + 19 + -40?
10
What is the value of (12 - -25) + -19 + -6 + 4 + -1?
15
What is 9 - (-1 + -15 + 22)?
3
What is the value of 37 + -41 + (-6 - -12 - (-2 + 2))?
2
What is (3 + -46 - -47) + (-1 - -1) + -6?
-2
What is the value of 5 + (41 - 21 - 5)?
20
-8 + -43 + 45 + 3 + 3 + -2
-2
Evaluate 1 + (-6 - -6) - -4 - (24 - 0).
-19
Evaluate (7 - (-7 + 6)) + -3 + -2.
3
Evaluate 2 + -4 + 15 + -6 + -1.
6
Calculate -159 - -163 - (1 - 16 - 0).
19
0 + 2 + (5 - (13 + -2))
-4
What is 15 - ((8 - 19) + 36)?
-10
Calculate 2 + (1 - -2) + (-16 - (-25 + 14)).
0
Calculate -1 + -11 - (-60 + 33).
15
What is (10 - 2) + -3 + -10 + 5 + 7?
7
What is the value of (6 - ((7 - -13) + -3)) + 9?
-2
What is the value of 46 + (3 - ((0 - -10) + 4))?
35
What is the value of -16 + (-1 - -12) + 53 + -10?
38
What is the value of -82 + 99 - (13 + 1)?
3
Evaluate 3 + 6 + 7 + 12 + -5 + -6.
17
-7 - (2 - (12 + -11))
-8
Evaluate (0 - (-19 - -2)) + -34.
-17
Evaluate 12 - -12 - 5 - 35.
-16
What is the value of 8 - ((1 + -4 - -4) + 26)?
-19
What is 22 - (20 + -8 + 19)?
-9
Calculate -9 + (6 - -18) + -32.
-17
What is 22 - (23 + 23) - -4?
-20
Evaluate 19 + (14 + -4 + -1 - -11).
39
Evaluate -55 + 32 - (-46 - 0).
23
What is -2 + -10 + (7 - -7)?
2
What is the value of -2 + -2 + -3 - (-2 + -13)?
8
Calculate -6 + 4 - 17 - -9.
-10
Calculate (1 - -2) + -27 + (16 - 3) + -2.
-13
(-3 - (1 - 0)) + 106 + -108
-6
What is the value of (33 - 51) + (-4 - (-4 - -5))?
-23
Calculate 1 + (2 - 14) + -6 + -2 + 16.
-3
What is the value of 3 + -2 + -1 - (-2 + -2 + -9)?
13
What is the value of (-25 + 22 - 17) + 4 + 3 + -4?
-17
Calculate (-9 - 0) + -3 + 9.
-3
What is -9 + (1 - (15 - 12))?
-11
Evaluate -21 + (75 - 37) + 0 + -41.
-24
What is -19 + (0 - -22) + 7 - 3?
7
-10 - (-26 - -11) - 16 - 7
-18
What is the value of -3 - ((-2 - -13) + (-10 - -2 - -13))?
-19
Calculate -1 + -11 + 7 + -4 + 1.
-8
(-91 - -66) + 20 - (-2 - -4 - 8)
1
What is -21 - (-5 + 7) - (7 + 2)?
-32
Evaluate -7 - (10 + -7 + -12).
2
What is -5 + (25 - (2 + 12))?
6
Evaluate 23 - 4 - (4 + 6) - -1.
10
Calculate 5 + (8 - (-7 - (-10 + -10 + 5))).
5
Calculate 0 + -29 + (-1667 - -1682).
-14
Calculate -31 - (-34 + -15) - -5.
23
Evaluate 35 + 19 + -49 + (-4 - -1).
2
What is the value of 12 - -4 - (-15 - -16)?
15
Evaluate 102 + -152 - (-23 + -2).
-25
30 - (8 + 8 + -14 + 6)
22
What is the value of (-102 - -84) + (0 - 3)?
-21
-3 + -8 + -2 + (6 - -6 - 9)
-10
-5 - 2 - 18 - -13
-12
What is -1 + -2 + 0 - -8?
5
(-34 - (5 - (4 + -2 + 5))) + 8
-24
What is the value of (24 - -2 - 34) + -3 + 9?
-2
1 - (8 + 4 + -24 + 4)
9
0 - (5 + (1 - 1)) - (14 + 0)
-19
-7 + -59 + (17 - -16)
-33
11 + 15 + 15 + -40 + (15 - 0)
16
What is -1 + -31 + 9 - -13?
-10
What is the value of 37 - (41 + -30 - -35)?
-9
Evaluate -4 + (-6 - (-1 - (7 + -9))) + 9.
-2
What is 20 + -7 - 43 - -9?
-21
What is -19 + (13 - (8 + -2)) + -11?
-23
Evaluate (2 - 12) + (-4 - (8 - 10)).
-12
Calculate -43 + 17 - (37 - 49).
-14
Evaluate (36 + -33 - (-1 - 0)) + (52 - 70).
-14
Evaluate (-1 - (4 - -3) - (5 + -21)) + 10.
18
(-8 - 3) + -4 + 14 + 1
0
What is the value of (-1 - -4) + -9 + -27 + 31?
-2
What is the value of -27 + 51 + 3 + 2 - (2 - -2)?
25
Calculate -5 - (-12 + 1 - (80 - 72)).
14
1 + -30 + 20 + 1
-8
Calculate -2 + (6 - 0) + (4 - (9 - -7)).
-8
Calculate 10 + (-7 - 7) + (1 - -9).
6
What is the value of -37 + 30 + (13 - 0) + -18?
-12
(-18 - (24 - 30)) + 8 + -1 - -35
30
What is 4 - (15 + 0 + (13 - 3))?
-21
Evaluate 9 - (5 - (10 - 28)) - -10.
-4
Calculate -3 + -2 + 6 + -11 + -3.
-13
-7 + -11 + (4 - -17)
3
Evaluate 5 + (7 + -4 - 4 - 2).
2
Calculate (2 - (-5 - -1)) + (5 - -10) + -45.
-24
(25 - 48) + (-3 - 4) + 11
-19
(-5 - -47) + (27 - (-5 + 43))
31
Calculate -58 + 64 + 1 + -20.
-13
(22 - (-7 - -38)) + -19 + 0 + 2
-26
What is 1 - (5 + 6 + -16 + (0 - 14))?
20
What is 13 + (-167 - -179 - (18 + 1))?
6
Calculate 2 + 4 - (-25 + 23) - -4.
12
What is the value of 26 + -20 + -30 + 27?
3
Evaluate 947 + -966 + (-1 - -1).
-19
Evaluate 262 - 269 - (-5 - 1).
-1
5 - 34 - -1 - -12
-16
Evaluate 5 - -8 - (-70 + 96).
-13
Calculate 5 + 2 - ((18 - 17) + (-3 - -25)).
-16
Calculate (10 + -6 - 21) + (-1 - -6).
-12
14 + (22 - (71 - 17))
-18
Evaluate (-1 - (3 + -2 + 5)) + 11.
4
(-20 + 25 - (5 - 1)) + 2 + 1
4
20 + -23 + (-2 - (-5 - -3) - -3)
0
-13 + 9 + -1 + (1 - 0) + -7
-11
What is (-12 - (3 - 1)) + 11?
-3
What is the value of -539 + 534 - (1 + -14)?
8
Calculate (-5 - (-3 + -2) - (10 - 11)) + 2.
3
Calculate -12 - 5 - -22 - (30 - -2).
-27
Calculate 36 + -70 + -28 - -42.
-20
Evaluate 3 - (-2 - (-12 + -8 + 14)) - -4.
3
What is the value of -7 - 1 - (-58 + (10 - 5) + 15)?
30
Evaluate -13 + (16 - 24) + 18.
-3
46 - (22 + (-5 - -16))
13
Evaluate 10 + (-10 - (28 + -21)).
-7
What is -23 + 25 - (16 + -1)?
-13
Calculate 7 + 7 + (-44 - -29).
-1
(-9 + -6 + 6 - -6 - 3) + 0
-6
-18 + (3 - 0) + (-5 + 7 - -2)
-11
-2 + 4 + -5 + -1 + 14
10
Evaluate -2 + -5 + 7 + (0 - 1).
-1
Calculate 6 - (17 + -8) - -12 - (-6 - -33).
-18
Evaluate 29 + -17 + -5 - 14 - (13 - 1).
-19
Calculate 14 + -9 + -7 + -12.
-14
What is the value of -14 + 6 + (-2 - -4) + (-106 - -96)?
-16
What is (-18 + 5 - 9) + 29?
7
What is the value of -14 + ((-6 - -6) + 1 - -2) + -4?
-15
What is 4 - (7 - (6 + 3 - 2))?
4
Calculate -6 + (2 + -5 - (-19 + 21)).
-11
Evaluate -15 - (3 - 17 - 10).
9
What is (0 - 2) + 34 - (35 - 28)?
25
3 + 14 + -257 + 264
24
What is (3 - -8) + 3 + (-4 - 2)?
8
0 + -13 - (54 + (-34 - 7))
-26
Calculate 279 + -292 + -7 + (0 - (1 + -2)).
-19
0 + -2 - (-12 - -32 - 13)
-9
What is the value of (7 - (19 - (-6 - -16))) + 11?
9
Calculate 6 + (-7 + -13 - -1) - -3 - -5.
-5
Calculate 3 - (-13 + (18 - -10)).
-12
Evaluate (-133 - -148) + (-11 - -1).
5
-3 + -1 + -22 + 47 + -19 - -1
3
What is (0 - 5) + (-14 + -8 - -59)?
32
5 - (-23 + 47 + -44)
25
Evaluate 6 + (-9 + 28 - (4 - (2 + -3))).
20
What is -5 - (13 - 6) - -17?
5
What is 2 + 0 + (-30 - -21) - 8?
-15
12 + -14 - -7 - -2
7
What is the value of 32 + -28 + (-15 - 1) - (-10 - -9)?
-11
5 + 9 - (-94 + 113)
-5
Calculate -12 - ((6 - -3 - (2 + -7)) + -6).
-20
-4 + (-12 - -29 - 4)
9
Evaluate -3 + (-2 - 0) + 7 - (-2 + 19).
-15
14 + 4 + (-22 - -12) + (-2 - -8)
14
25 + -12 + -2 + -6 + 10
15
((13 - 5) + -7 - 11) + -1
-11
Calculate (23 - -1) + (68 - -1) + -80.
13
Calculate -19 + (-18 - -28) - -39.
30
Calculate 0 - (-17 + 15 - -20).
-18
What is the value of 4 + -17 + (0 - 6) + 27 + -13?
-5
Calculate 9 + 3 + -82 + 65.
-5
What is (-2 - (-8 + 2) - (-4 - 0)) + -6?
2
Calculate -4 + (11 + 5 - -1) + -11.
2
Evaluate -8 - (1 - -6 - 25) - (-3 + -2).
15
-5 + (3 + (-12 - -1) - -2)
-11
-14 + (4 - -3 - -2) + 5
0
What is the value of (-18 - (-27 + 17)) + 1 + 1 - -40?
34
What is the value of (8 - -1) + (-10 - -6) + 9?
14
Calculate -5 + 4 - (0 + -7 + 7).
-1
What is the value of -32 - 0 - (29 + (-27 - 10))?
-24
What is (3 - 4 - -2) + -38 + 11 + 2?
-24
Evaluate 239 + -243 - (-16 + 0).
12
10 + (-14 - -5) + -11
-10
Evaluate 16 + -4 + (-8 - 0 - -17) + -8.
13
What is 3 + (6 + -9 - -3) - (1 - 5)?
7
What is (1 - -29) + (-811 - -789)?
8
What is the value of 190 - 195 - (1 + (2 - 1))?
-7
Evaluate 7 + 1 - (1 + -1 + -4).
12
What is -24 - (-11 - (-5 + (0 - 2))) - -4?
-16
Evaluate (2 - (-3 - (1 + -2))) + 50 + -43.
11
What is (17 - -2) + (-5 - 11) - (2 - -11)?
-10
Calculate (-4 - -28) + -6 + -8.
10
Evaluate 15 + (4 - 1) - 10.
8
What is 4 + -6 + 16 + (5 - (5 - -4))?
10
Calculate (9 - 11 - 1) + -4.
-7
-39 + (29 - 5) + -1 + 13
-3
What is 31 - (8 - 14) - 29?
8
Calculate (-3 - 24) + 6 - (1 - 8).
-14
What is the value of 25 + -21 + 10 - 1?
13
Evaluate 11 + (6 - (2 + (1 - -5))).
9
32 - ((34 - -9) + -28)
17
What is the value of -51 + 36 + (-1 - 5) - -3?
-18
Evaluate -1 + -9 + (89 - (24 + 60)).
-5
Evaluate -12 + (25 - -2) - 26.
-11
Evaluate 28 + (4 + (20 - 15) - 14).
23
10 + -13 + (0 - -6)
3
Calculate 17 - (15 - 5) - 5.
2
2 - 13 - ((-7 - 2) + (12 - 7))
-7
Calculate 5 + (-13 - -23) + -9.
6
What is 6 + (2 - (5 - 2))?
5
What is -5 - (9 - (14 + -7) - 22)?
15
Calculate 12 + -16 + 20 + -16.
0
Evaluate 165 + -207 - (10 - 43).
-9
What is the value of -18 + (-16 - -22) + (2 - 2)?
-12
Evaluate (13 - 0) + (-9 + -2 - -4).
6
What is 